{"id":54,"date":"2020-05-05T14:27:40","date_gmt":"2020-05-05T12:27:40","guid":{"rendered":"https:\/\/www.boutique-poppy.com\/blog\/?page_id=54"},"modified":"2020-06-02T12:40:37","modified_gmt":"2020-06-02T10:40:37","slug":"accueil","status":"publish","type":"page","link":"https:\/\/www.poppy-pops.com\/blog\/","title":{"rendered":"Bienvenue chez Poppy"},"content":{"rendered":"\n<p>Des id\u00e9es et les tendances de la d\u00e9coration de f\u00eate<\/p>\n\n\n<ul class=\"wp-block-latest-posts__list is-grid columns-3 has-dates alignleft wp-block-latest-posts\"><li><div class=\"wp-block-latest-posts__featured-image\"><img width=\"150\" height=\"150\" src=\"https:\/\/www.poppy-pops.com\/blog\/wp-content\/uploads\/2022\/04\/game-100_4_1-1-150x150.jpeg\" class=\"attachment-thumbnail size-thumbnail wp-post-image\" alt=\"\" decoding=\"async\" loading=\"lazy\" style=\"\" srcset=\"https:\/\/www.poppy-pops.com\/blog\/wp-content\/uploads\/2022\/04\/game-100_4_1-1-150x150.jpeg 150w, https:\/\/www.poppy-pops.com\/blog\/wp-content\/uploads\/2022\/04\/game-100_4_1-1-300x300.jpeg 300w, https:\/\/www.poppy-pops.com\/blog\/wp-content\/uploads\/2022\/04\/game-100_4_1-1-1024x1024.jpeg 1024w, https:\/\/www.poppy-pops.com\/blog\/wp-content\/uploads\/2022\/04\/game-100_4_1-1-768x768.jpeg 768w, https:\/\/www.poppy-pops.com\/blog\/wp-content\/uploads\/2022\/04\/game-100_4_1-1-1536x1536.jpeg 1536w, https:\/\/www.poppy-pops.com\/blog\/wp-content\/uploads\/2022\/04\/game-100_4_1-1-2048x2048.jpeg 2048w, https:\/\/www.poppy-pops.com\/blog\/wp-content\/uploads\/2022\/04\/game-100_4_1-1-100x100.jpeg 100w\" sizes=\"100vw\" \/><\/div><a class=\"wp-block-latest-posts__post-title\" href=\"https:\/\/www.poppy-pops.com\/blog\/2022\/04\/26\/mon-anniversaire-de-gamer\/\">Mon anniversaire de gamer<\/a><time datetime=\"2022-04-26T14:26:48+02:00\" class=\"wp-block-latest-posts__post-date\">26 avril 2022<\/time><div class=\"wp-block-latest-posts__post-excerpt\">Comment ne pas craquer pour cette nouvelle collection jeux vid\u00e9os ? Si tu es fan de jeux vid\u00e9os alors nous sommes s\u00fbrs que tu craqueras sur notre d\u00e9coration en forme &hellip; <p class=\"link-more\"><a href=\"https:\/\/www.poppy-pops.com\/blog\/2022\/04\/26\/mon-anniversaire-de-gamer\/\" class=\"more-link\">Continuer la lecture<span class=\"screen-reader-text\"> de &laquo;&nbsp;Mon anniversaire de gamer&nbsp;&raquo;<\/span><\/a><\/p><\/div><\/li>\n<li><div class=\"wp-block-latest-posts__featured-image\"><img width=\"150\" height=\"150\" src=\"https:\/\/www.poppy-pops.com\/blog\/wp-content\/uploads\/2021\/06\/decorations-anniversaire-sirene-150x150.jpg\" class=\"attachment-thumbnail size-thumbnail wp-post-image\" alt=\"\" decoding=\"async\" loading=\"lazy\" style=\"\" srcset=\"https:\/\/www.poppy-pops.com\/blog\/wp-content\/uploads\/2021\/06\/decorations-anniversaire-sirene-150x150.jpg 150w, https:\/\/www.poppy-pops.com\/blog\/wp-content\/uploads\/2021\/06\/decorations-anniversaire-sirene-100x100.jpg 100w\" sizes=\"100vw\" \/><\/div><a class=\"wp-block-latest-posts__post-title\" href=\"https:\/\/www.poppy-pops.com\/blog\/2021\/08\/23\/mon-anniversaire-avec-les-sirenes\/\">Mon anniversaire avec les sir\u00e8nes<\/a><time datetime=\"2021-08-23T16:18:16+02:00\" class=\"wp-block-latest-posts__post-date\">23 ao\u00fbt 2021<\/time><div class=\"wp-block-latest-posts__post-excerpt\">&nbsp;Connaissez vous le monde merveilleux et sous-marin des sir\u00e8nes?&nbsp; Chez Poppy Pops, on adoooore ce monde merveilleux, les bulles et coquillages, et surtout, les couleurs pastels ! (Vous pouvez \u00e9galement &hellip; <p class=\"link-more\"><a href=\"https:\/\/www.poppy-pops.com\/blog\/2021\/08\/23\/mon-anniversaire-avec-les-sirenes\/\" class=\"more-link\">Continuer la lecture<span class=\"screen-reader-text\"> de &laquo;&nbsp;Mon anniversaire avec les sir\u00e8nes&nbsp;&raquo;<\/span><\/a><\/p><\/div><\/li>\n<li><div class=\"wp-block-latest-posts__featured-image\"><img width=\"150\" height=\"150\" src=\"https:\/\/www.poppy-pops.com\/blog\/wp-content\/uploads\/2021\/06\/pirate-party-150x150.jpg\" class=\"attachment-thumbnail size-thumbnail wp-post-image\" alt=\"Anniversaire pirate\" decoding=\"async\" loading=\"lazy\" style=\"\" srcset=\"https:\/\/www.poppy-pops.com\/blog\/wp-content\/uploads\/2021\/06\/pirate-party-150x150.jpg 150w, https:\/\/www.poppy-pops.com\/blog\/wp-content\/uploads\/2021\/06\/pirate-party-100x100.jpg 100w\" sizes=\"100vw\" \/><\/div><a class=\"wp-block-latest-posts__post-title\" href=\"https:\/\/www.poppy-pops.com\/blog\/2021\/07\/08\/a-labordage-de-mon-anniversaire-pirate\/\">\u00c0 l&rsquo;abordage de mon anniversaire pirate<\/a><time datetime=\"2021-07-08T11:43:50+02:00\" class=\"wp-block-latest-posts__post-date\">8 juillet 2021<\/time><div class=\"wp-block-latest-posts__post-excerpt\">Pas de piti\u00e9 chez Poppy pops, nos pirates sont de vrais tirants et notre gamme sp\u00e9ciale corsaire va vous d\u00e9pouiller.&nbsp; Oh\u00e9! Du bateau !&nbsp; Commencez tout d\u2019abord par hisser le &hellip; <p class=\"link-more\"><a href=\"https:\/\/www.poppy-pops.com\/blog\/2021\/07\/08\/a-labordage-de-mon-anniversaire-pirate\/\" class=\"more-link\">Continuer la lecture<span class=\"screen-reader-text\"> de &laquo;&nbsp;\u00c0 l&rsquo;abordage de mon anniversaire pirate&nbsp;&raquo;<\/span><\/a><\/p><\/div><\/li>\n<li><div class=\"wp-block-latest-posts__featured-image\"><img width=\"150\" height=\"150\" src=\"https:\/\/www.poppy-pops.com\/blog\/wp-content\/uploads\/2021\/05\/Capture-d\u2019e\u0301cran-2021-05-26-a\u0300-12.41.15-150x150.png\" class=\"attachment-thumbnail size-thumbnail wp-post-image\" alt=\"\" decoding=\"async\" loading=\"lazy\" style=\"\" srcset=\"https:\/\/www.poppy-pops.com\/blog\/wp-content\/uploads\/2021\/05\/Capture-d\u2019e\u0301cran-2021-05-26-a\u0300-12.41.15-150x150.png 150w, https:\/\/www.poppy-pops.com\/blog\/wp-content\/uploads\/2021\/05\/Capture-d\u2019e\u0301cran-2021-05-26-a\u0300-12.41.15-100x100.png 100w\" sizes=\"100vw\" \/><\/div><a class=\"wp-block-latest-posts__post-title\" href=\"https:\/\/www.poppy-pops.com\/blog\/2021\/06\/02\/grazing-table-la-nouvelle-tendance-venue-daustralie\/\">\u00ab\u00a0Grazing Table\u00a0\u00bb, la nouvelle tendance venue d&rsquo;Australie<\/a><time datetime=\"2021-06-02T11:10:37+02:00\" class=\"wp-block-latest-posts__post-date\">2 juin 2021<\/time><div class=\"wp-block-latest-posts__post-excerpt\">Une Grazing Table, c&rsquo;est quoi ? Tout droit venue d&rsquo;Australie, cette tendance arrive de plus en plus en France et dans nos f\u00eates comme les baby shower, les EVJF, les &hellip; <p class=\"link-more\"><a href=\"https:\/\/www.poppy-pops.com\/blog\/2021\/06\/02\/grazing-table-la-nouvelle-tendance-venue-daustralie\/\" class=\"more-link\">Continuer la lecture<span class=\"screen-reader-text\"> de &laquo;&nbsp;\u00ab\u00a0Grazing Table\u00a0\u00bb, la nouvelle tendance venue d&rsquo;Australie&nbsp;&raquo;<\/span><\/a><\/p><\/div><\/li>\n<li><div class=\"wp-block-latest-posts__featured-image\"><img width=\"150\" height=\"150\" src=\"https:\/\/www.poppy-pops.com\/blog\/wp-content\/uploads\/2021\/05\/mix-396_-_multicoloured_streamer_and_balloon_backdrop-min-150x150.jpg\" class=\"attachment-thumbnail size-thumbnail wp-post-image\" alt=\"\" decoding=\"async\" loading=\"lazy\" style=\"\" srcset=\"https:\/\/www.poppy-pops.com\/blog\/wp-content\/uploads\/2021\/05\/mix-396_-_multicoloured_streamer_and_balloon_backdrop-min-150x150.jpg 150w, https:\/\/www.poppy-pops.com\/blog\/wp-content\/uploads\/2021\/05\/mix-396_-_multicoloured_streamer_and_balloon_backdrop-min-300x300.jpg 300w, https:\/\/www.poppy-pops.com\/blog\/wp-content\/uploads\/2021\/05\/mix-396_-_multicoloured_streamer_and_balloon_backdrop-min-768x768.jpg 768w, https:\/\/www.poppy-pops.com\/blog\/wp-content\/uploads\/2021\/05\/mix-396_-_multicoloured_streamer_and_balloon_backdrop-min-100x100.jpg 100w, https:\/\/www.poppy-pops.com\/blog\/wp-content\/uploads\/2021\/05\/mix-396_-_multicoloured_streamer_and_balloon_backdrop-min.jpg 800w\" sizes=\"100vw\" \/><\/div><a class=\"wp-block-latest-posts__post-title\" href=\"https:\/\/www.poppy-pops.com\/blog\/2021\/05\/19\/quelques-idees-danimations-pour-le-gouter-danniversaire-de-vos-enfants\/\">Quelques id\u00e9es d&rsquo;animations pour le go\u00fbter d&rsquo;anniversaire de vos enfants<\/a><time datetime=\"2021-05-19T10:27:57+02:00\" class=\"wp-block-latest-posts__post-date\">19 mai 2021<\/time><div class=\"wp-block-latest-posts__post-excerpt\">Vous cherchez des activit\u00e9s sympas et amusantes pour le go\u00fbter d&rsquo;anniversaire de votre enfant? Vous \u00eates au bon endroit ! Ici, on vous propose toutes sortes d&rsquo;animations pour une f\u00eate &hellip; <p class=\"link-more\"><a href=\"https:\/\/www.poppy-pops.com\/blog\/2021\/05\/19\/quelques-idees-danimations-pour-le-gouter-danniversaire-de-vos-enfants\/\" class=\"more-link\">Continuer la lecture<span class=\"screen-reader-text\"> de &laquo;&nbsp;Quelques id\u00e9es d&rsquo;animations pour le go\u00fbter d&rsquo;anniversaire de vos enfants&nbsp;&raquo;<\/span><\/a><\/p><\/div><\/li>\n<\/ul>\n\n\n<h2>R\u00e9seau<\/h2>\n\n\n\n<ul class=\"is-layout-flex wp-block-social-links\"><li class=\"wp-social-link wp-social-link-facebook wp-block-social-link\"><a href=\"https:\/\/www.facebook.com\/BoutiquePoppyDeco\/\"  class=\"wp-block-social-link-anchor\"><svg width=\"24\" height=\"24\" viewBox=\"0 0 24 24\" version=\"1.1\" xmlns=\"http:\/\/www.w3.org\/2000\/svg\" aria-hidden=\"true\" focusable=\"false\"><path d=\"M12 2C6.5 2 2 6.5 2 12c0 5 3.7 9.1 8.4 9.9v-7H7.9V12h2.5V9.8c0-2.5 1.5-3.9 3.8-3.9 1.1 0 2.2.2 2.2.2v2.5h-1.3c-1.2 0-1.6.8-1.6 1.6V12h2.8l-.4 2.9h-2.3v7C18.3 21.1 22 17 22 12c0-5.5-4.5-10-10-10z\"><\/path><\/svg><span class=\"wp-block-social-link-label screen-reader-text\">Facebook<\/span><\/a><\/li>\n\n\n\n<li class=\"wp-social-link wp-social-link-instagram wp-block-social-link\"><a href=\"https:\/\/www.instagram.com\/boutique_poppy\/\"  class=\"wp-block-social-link-anchor\"><svg width=\"24\" height=\"24\" viewBox=\"0 0 24 24\" version=\"1.1\" xmlns=\"http:\/\/www.w3.org\/2000\/svg\" aria-hidden=\"true\" focusable=\"false\"><path d=\"M12,4.622c2.403,0,2.688,0.009,3.637,0.052c0.877,0.04,1.354,0.187,1.671,0.31c0.42,0.163,0.72,0.358,1.035,0.673 c0.315,0.315,0.51,0.615,0.673,1.035c0.123,0.317,0.27,0.794,0.31,1.671c0.043,0.949,0.052,1.234,0.052,3.637 s-0.009,2.688-0.052,3.637c-0.04,0.877-0.187,1.354-0.31,1.671c-0.163,0.42-0.358,0.72-0.673,1.035 c-0.315,0.315-0.615,0.51-1.035,0.673c-0.317,0.123-0.794,0.27-1.671,0.31c-0.949,0.043-1.233,0.052-3.637,0.052 s-2.688-0.009-3.637-0.052c-0.877-0.04-1.354-0.187-1.671-0.31c-0.42-0.163-0.72-0.358-1.035-0.673 c-0.315-0.315-0.51-0.615-0.673-1.035c-0.123-0.317-0.27-0.794-0.31-1.671C4.631,14.688,4.622,14.403,4.622,12 s0.009-2.688,0.052-3.637c0.04-0.877,0.187-1.354,0.31-1.671c0.163-0.42,0.358-0.72,0.673-1.035 c0.315-0.315,0.615-0.51,1.035-0.673c0.317-0.123,0.794-0.27,1.671-0.31C9.312,4.631,9.597,4.622,12,4.622 M12,3 C9.556,3,9.249,3.01,8.289,3.054C7.331,3.098,6.677,3.25,6.105,3.472C5.513,3.702,5.011,4.01,4.511,4.511 c-0.5,0.5-0.808,1.002-1.038,1.594C3.25,6.677,3.098,7.331,3.054,8.289C3.01,9.249,3,9.556,3,12c0,2.444,0.01,2.751,0.054,3.711 c0.044,0.958,0.196,1.612,0.418,2.185c0.23,0.592,0.538,1.094,1.038,1.594c0.5,0.5,1.002,0.808,1.594,1.038 c0.572,0.222,1.227,0.375,2.185,0.418C9.249,20.99,9.556,21,12,21s2.751-0.01,3.711-0.054c0.958-0.044,1.612-0.196,2.185-0.418 c0.592-0.23,1.094-0.538,1.594-1.038c0.5-0.5,0.808-1.002,1.038-1.594c0.222-0.572,0.375-1.227,0.418-2.185 C20.99,14.751,21,14.444,21,12s-0.01-2.751-0.054-3.711c-0.044-0.958-0.196-1.612-0.418-2.185c-0.23-0.592-0.538-1.094-1.038-1.594 c-0.5-0.5-1.002-0.808-1.594-1.038c-0.572-0.222-1.227-0.375-2.185-0.418C14.751,3.01,14.444,3,12,3L12,3z M12,7.378 c-2.552,0-4.622,2.069-4.622,4.622S9.448,16.622,12,16.622s4.622-2.069,4.622-4.622S14.552,7.378,12,7.378z M12,15 c-1.657,0-3-1.343-3-3s1.343-3,3-3s3,1.343,3,3S13.657,15,12,15z M16.804,6.116c-0.596,0-1.08,0.484-1.08,1.08 s0.484,1.08,1.08,1.08c0.596,0,1.08-0.484,1.08-1.08S17.401,6.116,16.804,6.116z\"><\/path><\/svg><span class=\"wp-block-social-link-label screen-reader-text\">Instagram<\/span><\/a><\/li>\n\n\n\n\n\n<\/ul>\n\n\n\n<div class=\"is-layout-flow wp-block-group\"><div class=\"wp-block-group__inner-container\"><\/div><\/div>\n","protected":false},"excerpt":{"rendered":"<p>Des id\u00e9es et les tendances de la d\u00e9coration de f\u00eate R\u00e9seau<\/p>\n","protected":false},"author":1,"featured_media":227,"parent":0,"menu_order":0,"comment_status":"closed","ping_status":"closed","template":"","meta":[],"_links":{"self":[{"href":"https:\/\/www.poppy-pops.com\/blog\/wp-json\/wp\/v2\/pages\/54"}],"collection":[{"href":"https:\/\/www.poppy-pops.com\/blog\/wp-json\/wp\/v2\/pages"}],"about":[{"href":"https:\/\/www.poppy-pops.com\/blog\/wp-json\/wp\/v2\/types\/page"}],"author":[{"embeddable":true,"href":"https:\/\/www.poppy-pops.com\/blog\/wp-json\/wp\/v2\/users\/1"}],"replies":[{"embeddable":true,"href":"https:\/\/www.poppy-pops.com\/blog\/wp-json\/wp\/v2\/comments?post=54"}],"version-history":[{"count":26,"href":"https:\/\/www.poppy-pops.com\/blog\/wp-json\/wp\/v2\/pages\/54\/revisions"}],"predecessor-version":[{"id":207,"href":"https:\/\/www.poppy-pops.com\/blog\/wp-json\/wp\/v2\/pages\/54\/revisions\/207"}],"wp:featuredmedia":[{"embeddable":true,"href":"https:\/\/www.poppy-pops.com\/blog\/wp-json\/wp\/v2\/media\/227"}],"wp:attachment":[{"href":"https:\/\/www.poppy-pops.com\/blog\/wp-json\/wp\/v2\/media?parent=54"}],"curies":[{"name":"wp","href":"https:\/\/api.w.org\/{rel}","templated":true}]}}